{"id":7478,"date":"2019-05-02T10:36:22","date_gmt":"2019-05-02T10:36:22","guid":{"rendered":"http:\/\/ninzio.com\/bauer\/?page_id=7478"},"modified":"2024-11-08T15:11:28","modified_gmt":"2024-11-08T18:11:28","slug":"home-handyman","status":"publish","type":"page","link":"https:\/\/bahiablancadestapaciones.com.ar\/","title":{"rendered":"Destapaciones Bahia Blanca"},"content":{"rendered":"<div class=\"wpb-content-wrapper\"><p>[vc_row][vc_column][rev_slider_vc alias=\u00bbslider-6&#8243;][\/vc_column][\/vc_row][vc_row][vc_column width=\u00bb1\/3&#8243;]<div class=\"bauer-content-box clearfix \" data-padding=\"36px 30px 42px 30px\" data-mobipadding=\"36px 30px 42px 30px\" data-margin=\"-216px 0px 0px 0px\" data-mobimargin=\"-150px 0px 0px 0px\" >\r\n\t\t<div class=\"inner ctb-635081172\" style=\"\"  data-background=\"#0708ee\" data-rounded=\"5px\" data-border-color=\"#0708ee\" data-border-width=\"1px\" data-shadow=\" 0px 0px 20px 0px rgba(0,0,0,0.07)\">\r\n\t\t\t<div class=\"bauer-icon-box clearfix icon-top align-center  simple\" style=\"\" ><div class=\"wrap-inner\" style=\"position: relative;\"><div class=\"bauer-icon icon-25377300 custom custom\"  data-icon=\"#ffffff\" data-background=\"rgba(243,92,39,0.2)\">\r\n\t\t\t\t<span class=\"icon\" style=\"font-size:34px;width:70px;height:70px;border-style:solid;border-radius:40px;line-height:74px; box-shadow: 0px 0px 0px 5px rgba(243,92,39,0.1)\"><i class=\"elegant-icon_phone\"><\/i><\/span>\r\n\t\t\t<\/div> <h3 class=\"heading  white\" style=\"color:#ffffff;font-size:22px;margin-top:27px;margin-bottom:15px;\">\r\n\t\t\t<span>(+54) (291) 155 026 648<\/span>\r\n\t\t<\/h3><div class=\"desc\" style=\"color:#ffffff;\"><p>Solicite Turno<\/p>\n<\/div> <\/div><\/div>\r\n\t\t<\/div>\r\n\t<\/div>\r\n\t<div class=\"bauer-spacer clearfix\" data-desktop=\"0\" data-mobi=\"230\" data-smobi=\"230\"><\/div>[\/vc_column][vc_column width=\u00bb1\/3&#8243;]<div class=\"bauer-content-box clearfix \" data-padding=\"36px 30px 42px 30px\" data-mobipadding=\"36px 30px 42px 30px\" data-margin=\"-216px 0px 0px 0px\" data-mobimargin=\"-150px 0px 0px 0px\" >\r\n\t\t<div class=\"inner ctb-2028530537\" style=\"\"  data-background=\"#0708ee\" data-rounded=\"5px\" data-border-color=\"#0708ee\" data-border-width=\"1px\" data-shadow=\" 0px 0px 20px 0px rgba(0,0,0,0.07)\">\r\n\t\t\t<div class=\"bauer-icon-box clearfix icon-top align-center  simple\" style=\"\" ><div class=\"wrap-inner\" style=\"position: relative;\"><div class=\"bauer-icon icon-630175572 custom custom\"  data-icon=\"#ffffff\" data-background=\"rgba(255,255,255,0.2)\">\r\n\t\t\t\t<span class=\"icon\" style=\"font-size:34px;width:70px;height:70px;border-style:solid;border-radius:40px;line-height:74px; box-shadow: 0px 0px 0px 5px rgba(255,255,255,0.1)\"><i class=\"elegant-icon_mail_alt\"><\/i><\/span>\r\n\t\t\t<\/div> <h6 class=\"heading  white\" style=\"color:#ffffff;font-size:18px;margin-top:27px;margin-bottom:15px;\">\r\n\t\t\t<span>info@<\/span>\r\n\t\t<\/h6><div class=\"desc\" style=\"color:#ffffff;\"><p>Consultas por mail 24\/7<\/p>\n<\/div> <\/div><\/div>\r\n\t\t<\/div>\r\n\t<\/div>\r\n\t<div class=\"bauer-spacer clearfix\" data-desktop=\"0\" data-mobi=\"230\" data-smobi=\"230\"><\/div>[\/vc_column][vc_column width=\u00bb1\/3&#8243;]<div class=\"bauer-content-box clearfix \" data-padding=\"36px 30px 42px 30px\" data-mobipadding=\"36px 30px 42px 30px\" data-margin=\"-216px 0px 0px 0px\" data-mobimargin=\"-150px 0px 0px 0px\" >\r\n\t\t<div class=\"inner ctb-539482670\" style=\"\"  data-background=\"#0708ee\" data-rounded=\"5px\" data-border-color=\"#0708ee\" data-border-width=\"1px\" data-shadow=\" 0px 0px 20px 0px rgba(0,0,0,0.07)\">\r\n\t\t\t<div class=\"bauer-icon-box clearfix icon-top align-center  simple\" style=\"\" ><div class=\"wrap-inner\" style=\"position: relative;\"><div class=\"bauer-icon icon-1734104758 custom custom\"  data-icon=\"#ffffff\" data-background=\"rgba(255,255,255,0.2)\">\r\n\t\t\t\t<span class=\"icon\" style=\"font-size:34px;width:70px;height:70px;border-style:solid;border-radius:40px;line-height:74px; box-shadow: 0px 0px 0px 5px rgba(255,255,255,0.1)\"><i class=\"elegant-icon_tools\"><\/i><\/span>\r\n\t\t\t<\/div> <h3 class=\"heading  white\" style=\"color:#ffffff;font-size:22px;margin-top:27px;margin-bottom:15px;\">\r\n\t\t\t<span>Profesionalismo<\/span>\r\n\t\t<\/h3><div class=\"desc\" style=\"color:#ffffff;\"><p>M\u00e1s de 25 a\u00f1os de trayectoria<\/p>\n<\/div> <\/div><\/div>\r\n\t\t<\/div>\r\n\t<\/div>[\/vc_column][\/vc_row][vc_row el_id=\u00bbnosotros\u00bb][vc_column]\r\n\t<div class=\"bauer-spacer clearfix\" data-desktop=\"94\" data-mobi=\"60\" data-smobi=\"60\"><\/div>[vc_row_inner][vc_column_inner width=\u00bb2\/3&#8243;]<div class=\"bauer-single-heading clearfix \" style=\"margin-bottom:24px;\"><span class=\"inner\"><span class=\"heading clearfix \" style=\"font-weight:600;color:#cacaca;font-size:16px;\">\r\n\t\tdestapacionesbahiablanca.com.ar\r\n\t<\/span><\/span><\/div><h2 class=\"bauer-text clearfix \" style=\"font-size:42px;line-height:50px;margin-bottom:30px;max-width:700px;\"><p>Bienvenidos<\/p>\n<\/h2><div class=\"bauer-text clearfix \" style=\"\"><p>Somos su aliado confiable en destapaciones y soluciones de plomer\u00eda. Con a\u00f1os de experiencia en el sector, nos especializamos en brindar servicios eficientes y de alta calidad para resolver cualquier problema relacionado con obstrucciones en tuber\u00edas, desag\u00fces y sistemas de saneamiento. Nuestro equipo de profesionales capacitados est\u00e1 disponible las 24 horas del d\u00eda, los 7 d\u00edas de la semana, para ofrecerle una atenci\u00f3n r\u00e1pida y efectiva, asegurando que su hogar o negocio vuelva a funcionar sin problemas en el menor tiempo posible. Conf\u00ede en nosotros para una soluci\u00f3n definitiva y sin complicaciones. \u00a1Su tranquilidad es nuestra prioridad!<\/p>\n<\/div>\r\n\t<div class=\"bauer-spacer clearfix\" data-desktop=\"30\" data-mobi=\"30\" data-smobi=\"30\"><\/div>[vc_single_image image=\u00bb9498&#8243;][\/vc_column_inner][vc_column_inner width=\u00bb1\/3&#8243;]\r\n\t<div class=\"bauer-spacer clearfix\" data-desktop=\"6\" data-mobi=\"6\" data-smobi=\"6\"><\/div>\r\n\t<div class=\"bauer-accordions accordions\"><div class=\"accordion-item style-1 active\" style=\"margin-bottom:10px;\"><h3 class=\"accordion-heading\" style=\"\">\r\n\t\t\t<span class=\"inner\" style=\"\">\r\n\t\t\t\tServicio 24\/7\r\n\t\t\t<\/span>\r\n\t\t<\/h3><div class=\"accordion-content\" style=\"\"><p><span>Estamos disponibles a cualquier hora del d\u00eda, todos los d\u00edas del a\u00f1o, para atender emergencias de plomer\u00eda y destapaciones.<\/span><\/p>\n<\/div><\/div><div class=\"accordion-item style-1\" style=\"margin-bottom:10px;\"><h3 class=\"accordion-heading\" style=\"\">\r\n\t\t\t<span class=\"inner\" style=\"\">\r\n\t\t\t\tEquipo Profesional y Capacitado\r\n\t\t\t<\/span>\r\n\t\t<\/h3><div class=\"accordion-content\" style=\"\"><p><span>Contamos con un equipo de t\u00e9cnicos altamente capacitados y experimentados en la resoluci\u00f3n de todo tipo de obstrucciones y problemas de plomer\u00eda.<\/span><\/p>\n<\/div><\/div><div class=\"accordion-item style-1\" style=\"margin-bottom:10px;\"><h3 class=\"accordion-heading\" style=\"\">\r\n\t\t\t<span class=\"inner\" style=\"\">\r\n\t\t\t\tTecnolog\u00eda Avanzada\r\n\t\t\t<\/span>\r\n\t\t<\/h3><div class=\"accordion-content\" style=\"\"><p><span>Utilizamos equipos y herramientas de \u00faltima generaci\u00f3n para garantizar soluciones r\u00e1pidas y eficaces, minimizando las molestias y el tiempo de reparaci\u00f3n.<\/span><\/p>\n<\/div><\/div><div class=\"accordion-item style-1\" style=\"margin-bottom:10px;\"><h3 class=\"accordion-heading\" style=\"\">\r\n\t\t\t<span class=\"inner\" style=\"\">\r\n\t\t\t\tPrecios Competitivos y Transparentes\r\n\t\t\t<\/span>\r\n\t\t<\/h3><div class=\"accordion-content\" style=\"\"><p><span>Ofrecemos tarifas claras y accesibles sin sorpresas, con presupuestos detallados y sin compromiso.<\/span><\/p>\n<\/div><\/div><div class=\"accordion-item style-1\" style=\"margin-bottom:10px;\"><h3 class=\"accordion-heading\" style=\"\">\r\n\t\t\t<span class=\"inner\" style=\"\">\r\n\t\t\t\tSatisfacci\u00f3n Garantizada\r\n\t\t\t<\/span>\r\n\t\t<\/h3><div class=\"accordion-content\" style=\"\"><p><span> Nos comprometemos a brindar un servicio de alta calidad, asegurando la satisfacci\u00f3n total de nuestros clientes con cada trabajo realizado.<\/span><\/p>\n<\/div><\/div><\/div>[vc_media_grid element_width=\u00bb6&#8243; grid_id=\u00bbvc_gid:1718404994445-8cbc2662-c296-1&#8243; include=\u00bb9480,9481,9469,9500&#8243;][\/vc_column_inner][\/vc_row_inner]\r\n\t<div class=\"bauer-spacer clearfix\" data-desktop=\"100\" data-mobi=\"60\" data-smobi=\"60\"><\/div>[\/vc_column][\/vc_row][vc_row css=\u00bb.vc_custom_1718062169783{background-image: url(https:\/\/bahiablancadestapaciones.com.ar\/wp-content\/uploads\/2024\/06\/banner.jpg?id=9478) !important;background-position: center !important;background-repeat: no-repeat !important;background-size: cover !important;}\u00bb][vc_column]\r\n\t<div class=\"bauer-spacer clearfix\" data-desktop=\"100\" data-mobi=\"60\" data-smobi=\"60\"><\/div><div class=\"bauer-grid-box clearfix grid4 border-dark v-30 h-15 no-border-wrap\" data-grid=\"4\" >\r\n\t\t<div class=\"bauer-counter clearfix style-2 \" ><div class=\"inner\"><div class=\"left-wrap\" style=\"width:43%\"><div class=\"icon \" style=\"font-size:50px; line-height: normal;line-height:40px;color:#ffffff;margin-right:20px;\"><i class=\"bauerico-plan\"><\/i><\/div><\/div><div class=\"right-wrap\" style=\"width:57%\"><h3 class=\"number-wrap\" style=\"color:#ffffff;font-weight:400;font-size:42px;\"><span class=\"prefix \" style=\"\"><\/span><span class=\"number \" data-speed=\"5000\" data-from=\"0\" data-to=\"37\"> 37<\/span><span class=\"suffix \" style=\"\"><\/span><\/h3><\/div><\/div><h5 class=\"heading\" style=\"color:#ffffff;font-size:18px;margin-top:10px;\">\r\n\t\tProyectos completos\r\n\t<\/h5><\/div><div class=\"bauer-counter clearfix style-2 \" ><div class=\"inner\"><div class=\"left-wrap\" style=\"width:43%\"><div class=\"icon \" style=\"font-size:50px; line-height: normal;line-height:40px;color:#ffffff;margin-right:20px;\"><i class=\"bauerico-ruler\"><\/i><\/div><\/div><div class=\"right-wrap\" style=\"width:57%\"><h3 class=\"number-wrap\" style=\"color:#ffffff;font-weight:400;font-size:42px;\"><span class=\"prefix \" style=\"\"><\/span><span class=\"number \" data-speed=\"5000\" data-from=\"0\" data-to=\"500\"> 500<\/span><span class=\"suffix \" style=\"color:#ffffff;\">+<\/span><\/h3><\/div><\/div><h5 class=\"heading\" style=\"color:#ffffff;font-size:18px;margin-top:10px;\">\r\n\t\tClientes Felices\r\n\t<\/h5><\/div><div class=\"bauer-counter clearfix style-2 \" ><div class=\"inner\"><div class=\"left-wrap\" style=\"width:43%\"><div class=\"icon \" style=\"font-size:50px; line-height: normal;line-height:40px;color:#ffffff;margin-right:20px;\"><i class=\"bauerico-building\"><\/i><\/div><\/div><div class=\"right-wrap\" style=\"width:57%\"><h3 class=\"number-wrap\" style=\"color:#ffffff;font-weight:400;font-size:42px;\"><span class=\"prefix \" style=\"\"><\/span><span class=\"number \" data-speed=\"5000\" data-from=\"0\" data-to=\"24\"> 24<\/span><span class=\"suffix \" style=\"color:#ffffff;\">+<\/span><\/h3><\/div><\/div><h5 class=\"heading\" style=\"color:#ffffff;font-size:18px;margin-top:10px;\">\r\n\t\tA\u00f1os de experiencia\r\n\t<\/h5><\/div>\n\r\n\t<\/div>\r\n\t<div class=\"bauer-spacer clearfix\" data-desktop=\"100\" data-mobi=\"60\" data-smobi=\"60\"><\/div>[\/vc_column][\/vc_row][vc_row css=\u00bb.vc_custom_1706717422676{background: #f7f9fa url(https:\/\/bahiablancadestapaciones.com.ar\/wp-content\/uploads\/2019\/05\/handy-bg-3.png?id=8929) !important;background-position: center !important;background-repeat: no-repeat !important;background-size: cover !important;}\u00bb el_id=\u00bbcontactar\u00bb][vc_column][vc_row_inner][vc_column_inner width=\u00bb1\/2&#8243;]\r\n\t<div class=\"bauer-spacer clearfix\" data-desktop=\"94\" data-mobi=\"60\" data-smobi=\"60\"><\/div><h2 class=\"bauer-text clearfix \" style=\"font-size:42px;line-height:50px;margin-bottom:12px;\"><p>V\u00edas de contacto<\/p>\n<\/h2><div class=\"bauer-text clearfix \" style=\"color:#030f27;\"><p>Para mejorar la comunicaci\u00f3n mantenemos varias v\u00edas habilitadas para realizar sus consultas\/sugerencias. Puede utilizar el formulario adjunto o bien utilizar cualquiera de las siguientes v\u00edas.<\/p>\n<\/div>\r\n\t<div class=\"bauer-spacer clearfix\" data-desktop=\"60\" data-mobi=\"40\" data-smobi=\"40\"><\/div><div class=\"bauer-icon-box clearfix icon-left align-left  simple\" style=\"\" ><div class=\"wrap-inner\" style=\"position: relative;\"><div class=\"bauer-icon icon-1687960994 custom custom\"  data-icon=\"#ffffff\" data-background=\"#0708ee\">\r\n\t\t\t\t<span class=\"icon\" style=\"font-size:32px;width:70px;height:70px;border-style:solid;border-radius:40px;line-height:74px;margin-top:4px; box-shadow: 0px 0px 0px 5px rgba(243,92,39,0.1)\"><i class=\"elegant-icon_pin_alt\"><\/i><\/span>\r\n\t\t\t<\/div> <h3 class=\"heading \" style=\"padding-left:100px;font-size:18px;margin-bottom:1px;\">\r\n\t\t\t<span>Ubicaci\u00f3n<\/span>\r\n\t\t<\/h3><div class=\"desc\" style=\"padding-left:100px;\"><div style=\"font-weight: 600; color: #8a99c0;\">Bahia Blanca, Buenos Aires, Argentina<\/div>\n<\/div> <\/div><\/div>\r\n\t<div class=\"bauer-spacer clearfix\" data-desktop=\"18\" data-mobi=\"18\" data-smobi=\"18\"><\/div><div class=\"bauer-divider divider-left divider-solid\" style=\"border-top-color:#e7e7e7;\"><\/div><div class=\"clearfix\"><\/div>\r\n\t<div class=\"bauer-spacer clearfix\" data-desktop=\"18\" data-mobi=\"18\" data-smobi=\"18\"><\/div><div class=\"bauer-icon-box clearfix icon-left align-left  simple\" style=\"\" ><div class=\"wrap-inner\" style=\"position: relative;\"><div class=\"bauer-icon icon-786206665 custom custom\"  data-icon=\"#ffffff\" data-background=\"#0708ee\">\r\n\t\t\t\t<span class=\"icon\" style=\"font-size:32px;width:70px;height:70px;border-style:solid;border-radius:40px;line-height:74px;margin-top:4px; box-shadow: 0px 0px 0px 5px rgba(243,92,39,0.1)\"><i class=\"elegant-icon_phone\"><\/i><\/span>\r\n\t\t\t<\/div> <h3 class=\"heading \" style=\"padding-left:100px;font-size:18px;margin-bottom:1px;\">\r\n\t\t\t<span>Tel\u00e9fono<\/span>\r\n\t\t<\/h3><div class=\"desc\" style=\"padding-left:100px;\"><p><strong>(291) 15<span>5 026 648<\/span><\/strong><\/p>\n<\/div> <\/div><\/div>\r\n\t<div class=\"bauer-spacer clearfix\" data-desktop=\"18\" data-mobi=\"18\" data-smobi=\"18\"><\/div><div class=\"bauer-divider divider-left divider-solid\" style=\"border-top-color:#e7e7e7;\"><\/div><div class=\"clearfix\"><\/div>\r\n\t<div class=\"bauer-spacer clearfix\" data-desktop=\"18\" data-mobi=\"18\" data-smobi=\"18\"><\/div><div class=\"bauer-icon-box clearfix icon-left align-left  simple\" style=\"\" ><div class=\"wrap-inner\" style=\"position: relative;\"><div class=\"bauer-icon icon-1910083992 custom custom\"  data-icon=\"#ffffff\" data-background=\"#0708ee\">\r\n\t\t\t\t<span class=\"icon\" style=\"font-size:32px;width:70px;height:70px;border-style:solid;border-radius:40px;line-height:74px;margin-top:4px; box-shadow: 0px 0px 0px 5px rgba(243,92,39,0.1)\"><i class=\"elegant-icon_mail_alt\"><\/i><\/span>\r\n\t\t\t<\/div> <h3 class=\"heading \" style=\"padding-left:100px;font-size:18px;margin-bottom:1px;\">\r\n\t\t\t<span>Email<\/span>\r\n\t\t<\/h3><div class=\"desc\" style=\"padding-left:100px;\"><p>info@destapacionesbahiablanca.com.ar<\/p>\n<\/div> <\/div><\/div>\r\n\t<div class=\"bauer-spacer clearfix\" data-desktop=\"18\" data-mobi=\"18\" data-smobi=\"18\"><\/div><div class=\"bauer-divider divider-left divider-solid\" style=\"border-top-color:#e7e7e7;\"><\/div><div class=\"clearfix\"><\/div>\r\n\t<div class=\"bauer-spacer clearfix\" data-desktop=\"0\" data-mobi=\"50\" data-smobi=\"50\"><\/div>[\/vc_column_inner][vc_column_inner width=\u00bb1\/2&#8243;]<div class=\"bauer-content-box clearfix \" data-padding=\"53px 35px 60px 35px\" data-mobipadding=\"50px 35px 50px 35px\" data-margin=\"-50px 0px 0px 0px\" data-mobimargin=\"0px 0px 0px 0px\" >\r\n\t\t<div class=\"inner ctb-771024021\" style=\"\"  data-background=\"#ffffff\" data-rounded=\"5px\" data-border-width=\"1px\" data-shadow=\" 0px 0px 20px 0px rgba(3,15,39,0.07)\">\r\n\t\t\t<div class=\"bauer-headings clearfix text-center\" data-font=22 style=\"\"><h2 class=\"heading clearfix \" style=\"margin-bottom:15px;font-size:22px;\">\r\n\t\tFormulario de Contacto\r\n\t<\/h2><p class=\"sub-heading clearfix\" style=\"font-style:normal;max-width:400px;margin-left: auto; margin-right: auto;\">\r\n\t\tRespondemos todas las consultas.\r\n\t<\/p><\/div>\r\n\t<div class=\"bauer-spacer clearfix\" data-desktop=\"32\" data-mobi=\"32\" data-smobi=\"32\"><\/div>\n<div class=\"wpcf7 no-js\" id=\"wpcf7-f8421-o1\" lang=\"en-US\" dir=\"ltr\" data-wpcf7-id=\"8421\">\n<div class=\"screen-reader-response\"><p role=\"status\" aria-live=\"polite\" aria-atomic=\"true\"><\/p> <ul><\/ul><\/div>\n<form action=\"\/index.php\/wp-json\/wp\/v2\/pages\/7478#wpcf7-f8421-o1\" method=\"post\" class=\"wpcf7-form init\" aria-label=\"Contact form\" novalidate=\"novalidate\" data-status=\"init\">\n<div style=\"display: none;\">\n<input type=\"hidden\" name=\"_wpcf7\" value=\"8421\" \/>\n<input type=\"hidden\" name=\"_wpcf7_version\" value=\"6.0.6\" \/>\n<input type=\"hidden\" name=\"_wpcf7_locale\" value=\"en_US\" \/>\n<input type=\"hidden\" name=\"_wpcf7_unit_tag\" value=\"wpcf7-f8421-o1\" \/>\n<input type=\"hidden\" name=\"_wpcf7_container_post\" value=\"0\" \/>\n<input type=\"hidden\" name=\"_wpcf7_posted_data_hash\" value=\"\" \/>\n<\/div>\n<div class=\"cf7-style-2\">\n\t<div class=\"name-wrap\">\n\t\t<p><span class=\"wpcf7-form-control-wrap\" data-name=\"your-name\"><input size=\"40\" maxlength=\"400\" class=\"wpcf7-form-control wpcf7-text wpcf7-validates-as-required\" aria-required=\"true\" aria-invalid=\"false\" placeholder=\"Nombre\" value=\"\" type=\"text\" name=\"your-name\" \/><\/span>\n\t\t<\/p>\n\t<\/div>\n\t<div class=\"phone-wrap\">\n\t\t<p><span class=\"wpcf7-form-control-wrap\" data-name=\"your-phone\"><input size=\"40\" maxlength=\"400\" class=\"wpcf7-form-control wpcf7-text\" aria-invalid=\"false\" placeholder=\"Tel\u00e9fono\" value=\"\" type=\"text\" name=\"your-phone\" \/><\/span>\n\t\t<\/p>\n\t<\/div>\n\t<div class=\"email-wrap\">\n\t\t<p><span class=\"wpcf7-form-control-wrap\" data-name=\"your-email\"><input size=\"40\" maxlength=\"400\" class=\"wpcf7-form-control wpcf7-email wpcf7-validates-as-required wpcf7-text wpcf7-validates-as-email\" aria-required=\"true\" aria-invalid=\"false\" placeholder=\"Email\" value=\"\" type=\"email\" name=\"your-email\" \/><\/span>\n\t\t<\/p>\n\t<\/div>\n\t<div class=\"subject-wrap\">\n\t\t<p><span class=\"wpcf7-form-control-wrap\" data-name=\"your-subject\"><input size=\"40\" maxlength=\"400\" class=\"wpcf7-form-control wpcf7-text wpcf7-validates-as-required\" aria-required=\"true\" aria-invalid=\"false\" placeholder=\"Asunto\" value=\"\" type=\"text\" name=\"your-subject\" \/><\/span>\n\t\t<\/p>\n\t<\/div>\n\t<div class=\"message-wrap\">\n\t\t<p><span class=\"wpcf7-form-control-wrap\" data-name=\"your-message\"><textarea cols=\"40\" rows=\"10\" maxlength=\"2000\" class=\"wpcf7-form-control wpcf7-textarea\" aria-invalid=\"false\" placeholder=\"Mensaje\" name=\"your-message\"><\/textarea><\/span>\n\t\t<\/p>\n\t<\/div>\n\t<div class=\"submit-wrap\">\n\t\t<p><span><input class=\"wpcf7-form-control wpcf7-submit has-spinner\" type=\"submit\" value=\"ENVIAR\" \/><\/span>\n\t\t<\/p>\n\t<\/div>\n<\/div><div class=\"wpcf7-response-output\" aria-hidden=\"true\"><\/div>\n<\/form>\n<\/div>\n\r\n\t\t<\/div>\r\n\t<\/div>[\/vc_column_inner][\/vc_row_inner]\r\n\t<div class=\"bauer-spacer clearfix\" data-desktop=\"100\" data-mobi=\"60\" data-smobi=\"60\"><\/div>[\/vc_column][\/vc_row]<\/p>\n<\/div>","protected":false},"excerpt":{"rendered":"<p>[vc_row][vc_column][rev_slider_vc alias=\u00bbslider-6&#8243;][\/vc_column][\/vc_row][vc_row][vc_column width=\u00bb1\/3&#8243;][\/vc_column][vc_column width=\u00bb1\/3&#8243;][\/vc_column][vc_column width=\u00bb1\/3&#8243;][\/vc_column][\/vc_row][vc_row el_id=\u00bbnosotros\u00bb][vc_column][vc_row_inner][vc_column_inner width=\u00bb2\/3&#8243;][vc_single_image image=\u00bb9498&#8243;][\/vc_column_inner][vc_column_inner width=\u00bb1\/3&#8243;][vc_media_grid element_width=\u00bb6&#8243; grid_id=\u00bbvc_gid:1718404994445-8cbc2662-c296-1&#8243; include=\u00bb9480,9481,9469,9500&#8243;][\/vc_column_inner][\/vc_row_inner][\/vc_column][\/vc_row][vc_row css=\u00bb.vc_custom_1718062169783{background-image: url(https:\/\/bahiablancadestapaciones.com.ar\/wp-content\/uploads\/2024\/06\/banner.jpg?id=9478) !important;background-position: center !important;background-repeat: no-repeat !important;background-size: cover !important;}\u00bb][vc_column][\/vc_column][\/vc_row][vc_row css=\u00bb.vc_custom_1706717422676{background: #f7f9fa url(https:\/\/bahiablancadestapaciones.com.ar\/wp-content\/uploads\/2019\/05\/handy-bg-3.png?id=8929) !important;background-position: center !important;background-repeat: no-repeat !important;background-size: cover !important;}\u00bb el_id=\u00bbcontactar\u00bb][vc_column][vc_row_inner][vc_column_inner width=\u00bb1\/2&#8243;][\/vc_column_inner][vc_column_inner width=\u00bb1\/2&#8243;][\/vc_column_inner][\/vc_row_inner][\/vc_column][\/vc_row]<\/p>\n","protected":false},"author":1,"featured_media":0,"parent":0,"menu_order":0,"comment_status":"closed","ping_status":"closed","template":"","meta":{"footnotes":""},"class_list":["post-7478","page","type-page","status-publish","hentry"],"aioseo_notices":[],"_links":{"self":[{"href":"https:\/\/bahiablancadestapaciones.com.ar\/index.php\/wp-json\/wp\/v2\/pages\/7478"}],"collection":[{"href":"https:\/\/bahiablancadestapaciones.com.ar\/index.php\/wp-json\/wp\/v2\/pages"}],"about":[{"href":"https:\/\/bahiablancadestapaciones.com.ar\/index.php\/wp-json\/wp\/v2\/types\/page"}],"author":[{"embeddable":true,"href":"https:\/\/bahiablancadestapaciones.com.ar\/index.php\/wp-json\/wp\/v2\/users\/1"}],"replies":[{"embeddable":true,"href":"https:\/\/bahiablancadestapaciones.com.ar\/index.php\/wp-json\/wp\/v2\/comments?post=7478"}],"version-history":[{"count":86,"href":"https:\/\/bahiablancadestapaciones.com.ar\/index.php\/wp-json\/wp\/v2\/pages\/7478\/revisions"}],"predecessor-version":[{"id":9503,"href":"https:\/\/bahiablancadestapaciones.com.ar\/index.php\/wp-json\/wp\/v2\/pages\/7478\/revisions\/9503"}],"wp:attachment":[{"href":"https:\/\/bahiablancadestapaciones.com.ar\/index.php\/wp-json\/wp\/v2\/media?parent=7478"}],"curies":[{"name":"wp","href":"https:\/\/api.w.org\/{rel}","templated":true}]}}